c - 4*q. Suppose -5*i - c*n + 8 = -38, -n - 32 = -3*i. What is the tens digit of i?
1
Suppose -3 = q + t, -3*q - 4*t = -q + 10. Let n = 11 + q. What is the tens digit of n?
1
What is the units digit of 16/10*15/2?
2
Let r(y) = -y**2 - 10*y - 3. Let c be r(-9). What is the tens digit of (1 - -27)/(c/3)?
1
Let m(v) = 6*v**3 + 3*v**2 - 3*v + 4. What is the tens digit of m(2)?
5
Suppose 5*h - q - 71 = 0, 2*h + 6*q - 50 = q. What is the units digit of 2*(-2 + h/6)?
1
Let n(w) = 2*w**3 - w**2 + 3*w - 4. Let s(l) = -6*l**3 + 2*l**2 - 8*l + 11. Let j(u) = 8*n(u) + 3*s(u). What is the units digit of j(-1)?
1
Suppose 2*p = 2 + 8. Let k = p + 3. What is the units digit of k?
8
Let o be (6/10)/((-2)/(-10)). Suppose 60 = o*d - 45. Suppose -v = 4*v - d. What is the units digit of v?
7
Let r(h) = -3 - 11*h + h**2 - 3 + 9*h. What is the units digit of r(4)?
2
Suppose 0 = -6*i + i + 15. Let d be (3 - 9)/(1 - i). Suppose d = p - 4. What is the units digit of p?
7
What is the tens digit of 4/(64/3512) + 2/(-4)?
1
Suppose -821 = -6*p - 155. What is the tens digit of p?
1
Suppose -80 - 13 = -t. What is the tens digit of t?
9
Let c = 201 - 61. What is the units digit of c?
0
Suppose -5*f + 0*f = -10. Let w(h) = 12*h - 3. What is the tens digit of w(f)?
2
Suppose 0 = 2*s - 5*c - 9 - 15, -5*c = -s + 12. Suppose 0*n = 2*n - s. What is the units digit of n?
6
Suppose 5*k = c + 2*k - 33, 0 = -4*c + 5*k + 97. What is the units digit of c?
8
Let w = -4 + 11. Suppose -5*j + w*t + 105 = 2*t, -3*j + 77 = 4*t. What is the units digit of j?
3
Suppose 0 = -2*o - w - 14 + 6, 5*o + w + 26 = 0. What is the units digit of ((-4)/o)/(4/48)?
8
Suppose 64 = -s + 5*s. Suppose -s + 0 = -h. What is the tens digit of h?
1
Let y(m) = -4*m**3 - m**2 + m - 2. Let h be y(-2). Let c = 1 + h. What is the tens digit of c?
2
Let z(x) = -43*x**3 - 1. What is the units digit of z(-1)?
2
Suppose 3*m - 76 = -2*m + 4*y, -36 = -4*m - 3*y. Let j = m - 4. Let w = -3 + j. What is the units digit of w?
5
Let z(b) be the second derivative of b**3/6 - 3*b**2/2 - b. What is the units digit of z(10)?
7
Let c(a) = 17*a**2 + 4*a - 4. Let w be c(3). Suppose 4*h + 4*m = 88, 19 - w = -5*h + 3*m. What is the tens digit of h?
2
Suppose -4 - 11 = -5*n, 0 = 5*j - 3*n - 296. What is the units digit of j?
1
Suppose i = -3*i + 16. Suppose 3*x + 12 = i*x. What is the tens digit of x?
1
Let l(g) = 4*g - 7. Let f(y) = 3*y - 5. Let b(u) = -7*f(u) + 5*l(u). Let r be b(-6). Let d = r - 0. What is the units digit of d?
6
Let m be 1/((-34)/18 - -2). Let s = m - 4. Let j = 9 + s. What is the tens digit of j?
1
Let h = -25 + 35. What is the units digit of h?
0
Let d(k) = -4*k**2 + 49*k + 27. Let h(r) = r**2 - 12*r - 7. Let c(t) = -2*d(t) - 9*h(t). Let w be c(11). Let j = w - -6. What is the units digit of j?
4
Suppose -5*g - 4*d = -37 + 15, 4*g + 5*d - 14 = 0. Let t = g - 6. Suppose 3*k - 8*k + 50 = t. What is the tens digit of k?
1
What is the hundreds digit of (5025/(-10))/(-5)*(0 + 2)?
2
Let c(j) be the first derivative of -25*j**4/4 - 2*j**3/3 - j**2 - j + 5. What is the tens digit of c(-1)?
2
Let l(h) = h**2 - 2*h - 4. Let o(f) = f + 6. Let y be o(8). Suppose -p - y = -3*a, a = -2*a - 2*p + 8. What is the units digit of l(a)?
4
Let t(r) = -4*r**2 + 3*r + 1. Let b be t(-2). What is the units digit of (-246)/b - 10/(-35)?
2
Let i = 31 - 21. What is the tens digit of i?
1
Let c be (-2 - 25)/((-9)/6). Let q = c - 9. Let i(s) = s**2 - 9*s + 7. What is the units digit of i(q)?
7
Let u be (-4)/2 + -1 + 2. Let t = -5 + 8. Let y = t - u. What is the units digit of y?
4
Suppose -110 = l - 6*l. What is the units digit of l?
2
Let s(j) = j**3 + 7*j**2 - 8*j + 5. Let t(r) = -2*r - 2. Let z be t(3). What is the units digit of s(z)?
5
Let y = 250 - 149. What is the hundreds digit of y?
1
Let j be (2 - 0) + 2 + -5. Let b(k) = -2*k**3 - 2*k**2 - 3. Let c(d) = -6*d**3 - 7*d**2 + d - 10. Let a(z) = 7*b(z) - 2*c(z). What is the units digit of a(j)?
3
Suppose -122 = -4*x + 70. Let j be 12*(x/(-9) - -2). What is the tens digit of j/(-3) - 3/9?
1
Suppose 0 = -o - n - 5, -4*o - 8 = n. Let t be (-122)/(-12) + 2/(-12). Let c = t - o. What is the units digit of c?
1
Let z be 7 - 2 - 2 - 1. Let t(g) = -6 - 2*g - g + 0*g**2 + g**z. What is the units digit of t(5)?
4
Suppose 2*b + 0*b = -12. Let a = 0 - b. What is the units digit of a?
6
Suppose -6*q - 192 = -12*q. What is the units digit of q?
2
Suppose -2*x = c - 9, -2*x - 3*x = 2*c - 20. Let p(v) = -6*v**2 - x*v**3 + 3*v**3 - 2*v**3 - 2*v - 6. What is the units digit of p(-6)?
6
Let d = -47 - -72. Let t = d + -9. What is the tens digit of t?
1
Let x(t) = 9*t. What is the units digit of x(2)?
8
Suppose 0 = -2*v + 40 + 8. Suppose -v = -3*x + 12. What is the tens digit of x?
1
Suppose a = 2*a - 29. What is the tens digit of a?
2
Suppose -3*q + v + 0*v - 46 = 0, -v + 1 = 0. Let b = q + 23. What is the units digit of b?
8
Let v be (0 + 0)/((-1)/(-1)). Let f = 12 - 5. Suppose -f*j + 3*j + 4 = v. What is the units digit of j?
1
Let o(v) = v + 54. What is the units digit of o(23)?
7
Let y(s) = s**2 - 14*s + 1. Suppose 4*r = -4*m + 84, -5*r + 41 = -4*r + 5*m. What is the tens digit of y(r)?
3
Let w be 44/8 + 3/(-6). Suppose -5*m = -w*u + 145, u + 4*m = 4*u - 91. What is the units digit of u?
5
Suppose 5*f + 19 = -41. Let l = 2 - f. What is the tens digit of l?
1
Suppose 11*s = 201 + 1515. What is the units digit of s?
6
Let y = -90 - -129. What is the tens digit of y?
3
Suppose -4 = 3*t + 5. What is the tens digit of t*1 - (-14 - 2)?
1
Let p be 2/((-12)/(-3))*-6. Let w = 5 + p. Suppose -w*a - 9 + 21 = 0. What is the units digit of a?
6
Let m(w) = -6*w**3 + w**2 - 3. Let s(t) = 5*t**3 - t**2 - t + 3. Let o(f) = 3*m(f) + 4*s(f). What is the units digit of o(2)?
7
Suppose 5*v = -2*u + 13 + 20, 4*u = 5*v + 81. What is the tens digit of u?
1
Let n be 426/(-12) - (-1)/2. Let z = n - -58. What is the units digit of z?
3
Suppose -4*z + 71 = 4*w + z, -2*z + 93 = 5*w. Suppose 4 = -5*d + w. Suppose -7 = -d*s + 2*s. What is the units digit of s?
7
Suppose -3*s + 6 = -0*s. Suppose 5*v = -6 + 36. What is the units digit of 4/v*15/s?
5
Suppose 4*b = 4*k + 44, 4*k = 4*b - 7*b - 2. Suppose 3*s - 78 = -b. What is the units digit of s?
4
What is the tens digit of 6*44/8*(-112)/(-12)?
0
Let g(r) = r**3 - 3*r**2 - 4*r + 6. Let x be g(4). Suppose 0 = 5*l + 2*o - 44, -3*o = -2*l - x*o + 11. What is the units digit of l?
0
Let x be (-2 + 5)/((-9)/(-6)). Suppose -4*r + 194 = -5*k, -x*r + 5*k = -4*r + 112. What is the units digit of r?
1
Suppose -3*n - 44 = n. Let t = n - -45. What is the units digit of t?
4
Suppose -3*a + 10 = -a, 2*v = -a + 17. Let g(z) = -z**3 + 5*z**2 + 7*z - 4. Let m be g(v). Suppose 0 = -i - i + m. What is the units digit of i?
1
Suppose -2*n = -r - 0*r - 6, -2*n = -4. Let m = -2 - r. What is the units digit of 0 - (-2 - (0 + m))?
2
Let a(h) = 6*h + 154. What is the tens digit of a(0)?
5
Let l(v) = -v**2 - 4*v + 7. What is the units digit of l(-5)?
2
Suppose 3*i - 3 = 6*i. What is the units digit of i/(-3) + (-44)/(-3)?
5
Let o(d) = -4*d + 1. Let n be o(-1). Suppose 4*v - n + 80 = -g, -4*v - 4*g = 60. What is the units digit of ((-8)/v)/((-2)/(-10))?
2
Let n(r) = r**3 - r. Let d be n(-1). Suppose m = -d*m + 24. What is the units digit of m?
4
Let j = 247 + -130. What is the tens digit of j?
1
Suppose -5*a + t + 250 = -4*t, 0 = -2*a - 4*t + 82. Let p = -17 + a. What is the tens digit of p?
3
Suppose 0 = d - 3*g - 326, d + 4*g - 662 = -d. What is the tens digit of d?
2
Suppose 3*s + 16 + 30 = 2*i, i = -3*s + 14. Let w = i + -14. Let l = w + -3. What is the units digit of l?
3
Let f(v) = -2*v**3 - 3*v**2 - 2. Let h = 16 + -19. What is the tens digit of f(h)?
2
Suppose 11 = -4*d - 241. Let x = d - -89. What is the units digit of x?
6
Let w be (-2)/(-1) - 77*-1. Suppose -w - 47 = -3*r. What is the tens digit of (8/(-3) + 3)*r?
1
Suppose -43 = -8*j + 213. What is the tens digit of j?
3
Let r be (-8)/18*(-54)/12. Suppose -g + 0*g + 15 = -2*v, -r*g + 30 = -2*v. What is the tens digit of g?
1
Let y = 8 + -3. Suppose -3*a - 5 = 25. What is the units digit of 1/y - 18/a?
2
Let y(n) be the first derivative of -n**2 + 4*n + 4. What is the tens digit of y(-5)?
1
Suppose -k = q - 0*k - 22, 2*k + 131 = 5*q. Let y be 165/q - 4/